 - 173 - 102, -3*o + 169 = -2*l. Calculate the remainder when o is divided by 12.
11
Suppose -h + 4*d + 19 = 0, 3*h + 3*d = -0*d + 42. What is the remainder when 52 is divided by h?
7
Suppose 54*v - 49*v - 65 = 0. Let c(k) = -k**2 + 6*k - 1. Let t be c(6). Let w(h) = -23*h**3 - h**2 - 2*h - 1. What is the remainder when w(t) is divided by v?
10
Suppose 7*y - 3*y + 4*j = 2828, 0 = -3*y - 5*j + 2119. Let d = -439 + y. Suppose 4 + 1 = 5*o, -5*u + o + d = 0. Calculate the remainder when u is divided by 14.
12
Let v = 16 - 5. Suppose -13 = -g - v. Suppose -g*s - 105 = -5*s. What is the remainder when s is divided by 18?
17
Suppose -2305 = -7*c + 1720. What is the remainder when c is divided by 24?
23
Let l(t) = -t**3 + 8*t**2 - 6*t - 10. What is the remainder when 595 is divided by l(6)?
23
Suppose 20 = 4*j, -2*v + 3*j + 58 = j. Calculate the remainder when v is divided by 12.
10
Suppose -21*w + 880 = -5*w. What is the remainder when w is divided by 42?
13
Let u = 10 + -6. Suppose 0 = -u*z + 40 + 108. Suppose -w = -2*w - 3*s + z, 0 = 3*w + 2*s - 76. Calculate the remainder when w is divided by 12.
10
Let r = -25 - -59. Suppose -5*d + 4*p = -420, d = -2*p + 5*p + 84. What is the remainder when r is divided by 4/(-12) - d/(-9)?
7
Suppose -5*r = -r - 4. Suppose -483*s + 490*s - 10 = 4. Calculate the remainder when s is divided by r.
0
Suppose -2*v + 5*a + 25 = 0, 3*v - 3*a = 4*v - 29. What is the remainder when 1237 is divided by v?
17
Let f(i) = -13 + 10*i - i - i - 2. Calculate the remainder when f(7) is divided by 14.
13
Suppose 4*l - 5*l + 136 = 0. Calculate the remainder when (3/6)/((-268)/l - -2) is divided by 11.
6
Let l be 3/6 + 419/2. Suppose k - l = -4*k. Suppose 5*t = 2*y + k, -2*t + y = -3*y - 4. What is the remainder when 19 is divided by t?
9
Let y = -4950 + 4957. Suppose 0 = -3*g + 2*g + 7. What is the remainder when y is divided by g?
0
Let v = 2866 + -2695. What is the remainder when 1021 is divided by v?
166
Let z = -93 - -95. Suppose -2*g - 3*t + 18 = 0, z*t = g - 4*g + 37. What is the remainder when 26 is divided by g?
11
Suppose -1 = -2*q + q + 2*v, 4*q + 4*v = -8. What is the remainder when 68 is divided by (0 + 1/(0 - q))*23?
22
Suppose -540 = 2*g - 2452. What is the remainder when g is divided by 87?
86
Let j be 53/2 + 24/(-16). Suppose -j = 4*r + r, 5*x - 4*r = 80. Calculate the remainder when 18 is divided by x.
6
What is the remainder when ((-4)/(-2) + 215/43)*97 is divided by 11?
8
Suppose -4*k + 34 = 3*m, -k - 4*k = 5*m - 45. What is the remainder when 159 is divided by k?
5
Let x be -2 - (-1*81 + 3). Let i = -72 + x. What is the remainder when ((-2)/(-3))/((-4)/(-102)) is divided by i?
1
Let g(i) = 59*i**2 - 6*i - 5. Calculate the remainder when 274 is divided by g(-1).
34
Suppose -q = 3*g - 22, 3*q - 4*q = -4*g - 8. Let s = -1263 + 1272. Calculate the remainder when q is divided by s.
7
Let x = 96 + -66. What is the remainder when (-4)/12 + 1295/15 is divided by x?
26
Let q = 3246 - 3213. Let s = -6 - -19. Calculate the remainder when q is divided by s.
7
Let n = 38 - 36. Suppose 18 = 4*u - 2*u - 4*w, -n*u - 5*w = 9. What is the remainder when 26 is divided by u?
2
Suppose 0 = -2*g + 2296 - 2226. What is the remainder when 133 is divided by g?
28
Let v = 522 + -437. Calculate the remainder when v is divided by 29.
27
Let u = -18 + 20. Suppose 0 = -m + u*m + 4*c - 8, 3*m = 2*c + 80. What is the remainder when 118 is divided by m?
22
Suppose -y - 3*u - 232 = -3*y, 4*u = 0. What is the remainder when y is divided by 37?
5
Let u = 27 + -147. Let r = u - -69. Let k = r + 104. What is the remainder when k is divided by 14?
11
Suppose 0 = 8*f - 3*f - 1320. Calculate the remainder when f is divided by 14.
12
Let f be 0 - -2 - (-12)/2. Let c = f - -2. What is the remainder when c is divided by 7?
3
Let y(j) = 2*j**3 + 26*j**2 + 47*j - 22. What is the remainder when y(-10) is divided by -74*(-2 + 3/2)?
34
Suppose -x - 875 = -8*x. Calculate the remainder when x is divided by 21.
20
Let t(o) = 2*o**3 - 8*o**2 + 7*o. Let b be t(5). Suppose -6*m = -b - 221. What is the remainder when m is divided by 9?
6
Let y(w) = 3*w**2 - 5*w + 12. Calculate the remainder when y(-6) is divided by 22.
18
Suppose z - 2*r = -r + 148, 5*z = -3*r + 764. Calculate the remainder when z is divided by 76.
75
Suppose -4*k + 349 - 61 = 0. What is the remainder when k is divided by 26?
20
Let a(y) = 3*y**2 + 6*y - 7. Suppose 0 = 5*q - b - 98 + 81, -3*b = -2*q - 1. Calculate the remainder when a(-5) is divided by q.
2
Let k be 66/4*(-12)/(-18). Suppose k*i - 7*i = 24. Calculate the remainder when 11 is divided by i.
5
Let a = 7 - -5. Let q = 36 + -34. Suppose -5 = -2*v - 0*g - 3*g, -34 = -4*v + q*g. Calculate the remainder when a is divided by v.
5
Let w be (-660)/105 + 4/14. Let f be (3/w)/(4/(-32)). Let k(u) = u. What is the remainder when 11 is divided by k(f)?
3
Suppose -4*f - f - 484 = -m, -3*f + 2420 = 5*m. Calculate the remainder when m is divided by 61.
57
Suppose -35*k + 44*k = 252. What is the remainder when 1145 is divided by k?
25
Let p be (-6)/(-3) - 47 - 12/4. Let n = p + 54. What is the remainder when 10 is divided by n?
4
Suppose -56 = -2*c - 4*v, -3*c + 7 = -3*v - 95. Suppose 2*m = 4*o + 7*m - 68, 4*m = -2*o + 40. What is the remainder when c is divided by o?
8
Let p be 3*-1*1025/75. Let u = 68 + p. Calculate the remainder when u is divided by 15.
12
Let p(n) = -n**3 + n**2 - 6*n - 11. What is the remainder when 71 is divided by p(-2)?
6
Let p = 339 + -327. Suppose 3*b - 96 = -3*k, 4*b - 2 = 3*k - 98. Let g = k - 9. What is the remainder when g is divided by p?
11
Suppose -9*w + 148 - 58 = 0. Calculate the remainder when 227 is divided by w.
7
Suppose 3*a - 25 = 71. Let k = a + 101. What is the remainder when k is divided by 17?
14
Suppose -4*h = 5*g - 95, h + 4*h = g + 10. Let s = -6765 + 6839. Calculate the remainder when s is divided by g.
14
Let r = -101 + 118. Calculate the remainder when 63 is divided by 372/r + (-16)/(-136).
19
Let r = -500 + 517. What is the remainder when 558 is divided by r?
14
Let r = 11 + -15. Let f be r*1 + 1 + 7. Calculate the remainder when 20 is divided by (-1 + f)*(-80)/(-30).
4
Let y be (-3580)/(-28) + 2/14. Suppose -5*s - 16 = -6*s - 4*h, 5*s - 4*h - y = 0. Calculate the remainder when 47 is divided by s.
23
Let i = 4 - 0. Suppose i*f = -31 + 303. Suppose -j - f = -5*j. What is the remainder when 66 is divided by j?
15
Let r(d) = -2*d**3 - 53*d**2 - 28*d - 37. Suppose p - 81 = -0. Suppose -4*i + 91 + p = 0. What is the remainder when i is divided by r(-26)?
13
Let a be -8*3/15*5. Let w(b) = 11*b - 9. Let n be w(a). Let g = 182 + n. What is the remainder when g is divided by 29?
27
Suppose -19*z + 1325 = 356. What is the remainder when z is divided by 15?
6
Suppose 0 = -5*v + 7*v + 1002. Calculate the remainder when -2 + (v/(-12) - (-2)/8) is divided by 22.
18
Suppose -614*z + 586*z + 756 = 0. Let h(w) = w**3 + 4*w**2 - 3*w + 4. Calculate the remainder when z is divided by h(-4).
11
Let z(i) = i + 11. Let t(a) = -6 + 3*a**2 + 9*a + 3*a**2 - 7*a**2 + a. Let n be t(10). What is the remainder when 9 is divided by z(n)?
4
Calculate the remainder when 20/12*(87 - -6) is divided by 36.
11
Let n(t) be the first derivative of -t**4/4 - 11*t**3/3 - 23*t**2/2 - 15*t - 6. Calculate the remainder when n(-9) is divided by 16.
14
Suppose 10 + 0 = v. Suppose 3*y - 3*d = 39, 2*y - 25 = 3*d - 1. Calculate the remainder when y is divided by v.
5
Let s(f) = 13*f**3 - f**2 - f - 11. Calculate the remainder when s(3) is divided by 83.
79
Let i(s) = -s**3 - 4*s**2 + 3*s - 7. Let g be 28/(-5) + 69/115. Let k be i(g). Suppose k*f + 3*f - 54 = 0. Calculate the remainder when 25 is divided by f.
7
What is the remainder when 63 is divided by 1 + 4/(-6) + (-800)/(-48)?
12
Let x(w) = 2*w - 37. Let b be x(20). Suppose -27 = -4*f + 3*r, -b*r - 2*r = 2*f - 7. What is the remainder when 20 is divided by f?
2
Suppose -20*u + 21*u - 63 = 0. What is the remainder when 121 is divided by u?
58
Let f = -403 + 420. Calculate the remainder when 286 is divided by f.
14
Let m(y) = 4*y - 2. Let a = 45 - -31. Let r = a - 38. Calculate the remainder when r is divided by m(3).
8
Suppose 90 = 75*s - 57*s. What is the remainder when 93 is divided by s?
3